[INFO] cloning repository https://github.com/stfl/diesel-pg-test
[INFO] running `Command { std: "git" "-c" "credential.helper=" "-c" "credential.helper=/workspace/cargo-home/bin/git-credential-null" "clone" "--bare" "https://github.com/stfl/diesel-pg-test" "/workspace/cache/git-repos/https%3A%2F%2Fgithub.com%2Fstfl%2Fdiesel-pg-test", kill_on_drop: false }`
[INFO] [stderr] Cloning into bare repository '/workspace/cache/git-repos/https%3A%2F%2Fgithub.com%2Fstfl%2Fdiesel-pg-test'...
[INFO] running `Command { std: "git" "rev-parse" "HEAD", kill_on_drop: false }`
[INFO] [stdout] 9a7a66203853983a2844fcecd63719f1d0912d23
[INFO] checking stfl/diesel-pg-test against try#72f88fc4e9458f89516a0b8b0868f3718aec5b47 for pr-74989
[INFO] running `Command { std: "git" "clone" "/workspace/cache/git-repos/https%3A%2F%2Fgithub.com%2Fstfl%2Fdiesel-pg-test" "/workspace/builds/worker-5/source", kill_on_drop: false }`
[INFO] [stderr] Cloning into '/workspace/builds/worker-5/source'...
[INFO] [stderr] done.
[INFO] validating manifest of git repo https://github.com/stfl/diesel-pg-test on toolchain 72f88fc4e9458f89516a0b8b0868f3718aec5b47
[INFO] running `Command { std: "/workspace/cargo-home/bin/cargo" "+72f88fc4e9458f89516a0b8b0868f3718aec5b47" "read-manifest" "--manifest-path" "Cargo.toml", kill_on_drop: false }`
[INFO] started tweaking git repo https://github.com/stfl/diesel-pg-test
[INFO] finished tweaking git repo https://github.com/stfl/diesel-pg-test
[INFO] tweaked toml for git repo https://github.com/stfl/diesel-pg-test written to /workspace/builds/worker-5/source/Cargo.toml
[INFO] crate git repo https://github.com/stfl/diesel-pg-test already has a lockfile, it will not be regenerated
[INFO] running `Command { std: "/workspace/cargo-home/bin/cargo" "+72f88fc4e9458f89516a0b8b0868f3718aec5b47" "fetch" "--locked" "--manifest-path" "Cargo.toml", kill_on_drop: false }`
[INFO] running `Command { std: "docker" "create" "-v" "/var/lib/crater-agent-workspace/builds/worker-5/target:/opt/rustwide/target:rw,Z" "-v" "/var/lib/crater-agent-workspace/builds/worker-5/source:/opt/rustwide/workdir:ro,Z" "-v" "/var/lib/crater-agent-workspace/cargo-home:/opt/rustwide/cargo-home:ro,Z" "-v" "/var/lib/crater-agent-workspace/rustup-home:/opt/rustwide/rustup-home:ro,Z" "-e" "SOURCE_DIR=/opt/rustwide/workdir" "-e" "CARGO_TARGET_DIR=/opt/rustwide/target" "-e" "CARGO_HOME=/opt/rustwide/cargo-home" "-e" "RUSTUP_HOME=/opt/rustwide/rustup-home" "-w" "/opt/rustwide/workdir" "-m" "1610612736" "--user" "0:0" "--network" "none" "rustops/crates-build-env@sha256:d92eaeed33fa75130ca1ee6c8a01d1ffb62bac859dfdfb3450e3e5d1c0146529" "/opt/rustwide/cargo-home/bin/cargo" "+72f88fc4e9458f89516a0b8b0868f3718aec5b47" "metadata" "--no-deps" "--format-version=1", kill_on_drop: false }`
[INFO] [stderr] WARNING: Your kernel does not support swap limit capabilities or the cgroup is not mounted. Memory limited without swap.
[INFO] [stdout] 7a59dab5f0c24968ba92571abdd3793ef358a2ac7d6bd2e321e4c9ed974eabda
[INFO] running `Command { std: "docker" "start" "-a" "7a59dab5f0c24968ba92571abdd3793ef358a2ac7d6bd2e321e4c9ed974eabda", kill_on_drop: false }`
[INFO] running `Command { std: "docker" "inspect" "7a59dab5f0c24968ba92571abdd3793ef358a2ac7d6bd2e321e4c9ed974eabda", kill_on_drop: false }`
[INFO] running `Command { std: "docker" "rm" "-f" "7a59dab5f0c24968ba92571abdd3793ef358a2ac7d6bd2e321e4c9ed974eabda", kill_on_drop: false }`
[INFO] [stdout] 7a59dab5f0c24968ba92571abdd3793ef358a2ac7d6bd2e321e4c9ed974eabda
[INFO] running `Command { std: "docker" "create" "-v" "/var/lib/crater-agent-workspace/builds/worker-5/target:/opt/rustwide/target:rw,Z" "-v" "/var/lib/crater-agent-workspace/builds/worker-5/source:/opt/rustwide/workdir:ro,Z" "-v" "/var/lib/crater-agent-workspace/cargo-home:/opt/rustwide/cargo-home:ro,Z" "-v" "/var/lib/crater-agent-workspace/rustup-home:/opt/rustwide/rustup-home:ro,Z" "-e" "SOURCE_DIR=/opt/rustwide/workdir" "-e" "CARGO_TARGET_DIR=/opt/rustwide/target" "-e" "CARGO_INCREMENTAL=0" "-e" "RUST_BACKTRACE=full" "-e" "RUSTFLAGS=--cap-lints=forbid" "-e" "CARGO_HOME=/opt/rustwide/cargo-home" "-e" "RUSTUP_HOME=/opt/rustwide/rustup-home" "-w" "/opt/rustwide/workdir" "-m" "1610612736" "--user" "0:0" "--network" "none" "rustops/crates-build-env@sha256:d92eaeed33fa75130ca1ee6c8a01d1ffb62bac859dfdfb3450e3e5d1c0146529" "/opt/rustwide/cargo-home/bin/cargo" "+72f88fc4e9458f89516a0b8b0868f3718aec5b47" "check" "--frozen" "--all" "--all-targets" "--message-format=json", kill_on_drop: false }`
[INFO] [stdout] c1eab662eab1d1390156de1b257f3aabb0246a9413c22417ef9bf974acceaa39
[INFO] [stderr] WARNING: Your kernel does not support swap limit capabilities or the cgroup is not mounted. Memory limited without swap.
[INFO] running `Command { std: "docker" "start" "-a" "c1eab662eab1d1390156de1b257f3aabb0246a9413c22417ef9bf974acceaa39", kill_on_drop: false }`
[INFO] [stderr]    Compiling serde v1.0.105
[INFO] [stderr]    Compiling ucd-trie v0.1.3
[INFO] [stderr]    Compiling failure_derive v0.1.7
[INFO] [stderr]     Checking ppv-lite86 v0.2.6
[INFO] [stderr]    Compiling bitflags v1.2.1
[INFO] [stderr]     Checking linked-hash-map v0.5.2
[INFO] [stderr]     Checking itoa v0.4.5
[INFO] [stderr]    Compiling anyhow v1.0.27
[INFO] [stderr]     Checking uuid v0.8.1
[INFO] [stderr]     Checking glob v0.3.0
[INFO] [stderr]    Compiling backtrace-sys v0.1.35
[INFO] [stderr]    Compiling num-integer v0.1.42
[INFO] [stderr]    Compiling num-bigint v0.2.6
[INFO] [stderr]    Compiling proc-macro2 v1.0.9
[INFO] [stderr]     Checking log v0.4.8
[INFO] [stderr]     Checking pest v2.1.3
[INFO] [stderr]     Checking getrandom v0.1.14
[INFO] [stderr]    Compiling diesel-derive-enum v0.4.4
[INFO] [stderr]     Checking quick-xml v0.17.2
[INFO] [stderr]     Checking yaml-rust v0.4.3
[INFO] [stderr]     Checking rand_core v0.5.1
[INFO] [stderr]    Compiling quote v1.0.3
[INFO] [stderr]     Checking rand_chacha v0.2.2
[INFO] [stderr]    Compiling syn v1.0.17
[INFO] [stderr]     Checking rand v0.7.3
[INFO] [stderr]     Checking backtrace v0.3.46
[INFO] [stderr]    Compiling pest_meta v2.1.3
[INFO] [stderr]     Checking rand_distr v0.2.2
[INFO] [stderr]     Checking serde_json v1.0.48
[INFO] [stderr]     Checking serde_yaml v0.7.5
[INFO] [stderr]     Checking chrono v0.4.11
[INFO] [stderr]     Checking bigdecimal v0.1.0
[INFO] [stderr]     Checking hashbrown v0.5.0
[INFO] [stderr]    Compiling synstructure v0.12.3
[INFO] [stderr]    Compiling pest_generator v2.1.3
[INFO] [stderr]    Compiling pest_derive v2.1.0
[INFO] [stderr]    Compiling diesel_derives v1.4.1
[INFO] [stderr]    Compiling serde_repr v0.1.5
[INFO] [stderr]    Compiling serde_derive v1.0.105
[INFO] [stderr]     Checking handlebars v2.0.4
[INFO] [stderr]     Checking failure v0.1.7
[INFO] [stderr]     Checking serde_any v0.5.0
[INFO] [stderr]     Checking diesel v1.4.4
[INFO] [stderr]     Checking pg-test v0.1.0 (/opt/rustwide/workdir)
[INFO] [stdout] error[E0433]: failed to resolve: use of undeclared type or module `pretty_env_logger`
[INFO] [stdout]    --> src/signal_generator.rs:274:9
[INFO] [stdout]     |
[INFO] [stdout] 274 |         pretty_env_logger::init();
[INFO] [stdout]     |         ^^^^^^^^^^^^^^^^^ use of undeclared type or module `pretty_env_logger`
[INFO] [stdout] 
[INFO] [stdout] 
[INFO] [stdout] error[E0308]: mismatched types
[INFO] [stdout]    --> src/signal_generator.rs:281:39
[INFO] [stdout]     |
[INFO] [stdout] 281 |                 (InputType::Int, vec![0f32]),
[INFO] [stdout]     |                                       ^^^^ expected struct `bigdecimal::BigDecimal`, found `f32`
[INFO] [stdout] 
[INFO] [stdout] 
[INFO] [stdout] error[E0308]: mismatched types
[INFO] [stdout]    --> src/signal_generator.rs:282:39
[INFO] [stdout]     |
[INFO] [stdout] 282 |                 (InputType::Int, vec![0f32]),
[INFO] [stdout]     |                                       ^^^^ expected struct `bigdecimal::BigDecimal`, found `f32`
[INFO] [stdout] 
[INFO] [stdout] 
[INFO] [stdout] error[E0308]: mismatched types
[INFO] [stdout]    --> src/signal_generator.rs:283:42
[INFO] [stdout]     |
[INFO] [stdout] 283 |                 (InputType::Double, vec![0f32]),
[INFO] [stdout]     |                                          ^^^^ expected struct `bigdecimal::BigDecimal`, found `f32`
[INFO] [stdout] 
[INFO] [stdout] 
[INFO] [stdout] error[E0308]: mismatched types
[INFO] [stdout]    --> src/signal_generator.rs:284:39
[INFO] [stdout]     |
[INFO] [stdout] 284 |                 (InputType::Int, vec![0f32]),
[INFO] [stdout]     |                                       ^^^^ expected struct `bigdecimal::BigDecimal`, found `f32`
[INFO] [stdout] 
[INFO] [stdout] 
[INFO] [stdout] error[E0308]: mismatched types
[INFO] [stdout]    --> src/signal_generator.rs:286:27
[INFO] [stdout]     |
[INFO] [stdout] 286 |             buffers: vec![0u8],
[INFO] [stdout]     |                           ^^^ expected `i16`, found `u8`
[INFO] [stdout]     |
[INFO] [stdout] help: change the type of the numeric literal from `u8` to `i16`
[INFO] [stdout]     |
[INFO] [stdout] 286 |             buffers: vec![0i16],
[INFO] [stdout]     |                           ^^^^
[INFO] [stdout] 
[INFO] [stdout] 
[INFO] [stdout] error[E0308]: mismatched types
[INFO] [stdout]    --> src/signal_generator.rs:292:35
[INFO] [stdout]     |
[INFO] [stdout] 292 |         sig_params.buffers = vec![0u8, 0u8]; // same buffer for TwoLineCross
[INFO] [stdout]     |                                   ^^^ expected `i16`, found `u8`
[INFO] [stdout]     |
[INFO] [stdout] help: change the type of the numeric literal from `u8` to `i16`
[INFO] [stdout]     |
[INFO] [stdout] 292 |         sig_params.buffers = vec![0i16, 0u8]; // same buffer for TwoLineCross
[INFO] [stdout]     |                                   ^^^^
[INFO] [stdout] 
[INFO] [stdout] 
[INFO] [stdout] error[E0308]: mismatched types
[INFO] [stdout]    --> src/signal_generator.rs:294:33
[INFO] [stdout]     |
[INFO] [stdout] 294 |         sig_params.buffers[1] = 1u8;
[INFO] [stdout]     |                                 ^^^ expected `i16`, found `u8`
[INFO] [stdout]     |
[INFO] [stdout] help: change the type of the numeric literal from `u8` to `i16`
[INFO] [stdout]     |
[INFO] [stdout] 294 |         sig_params.buffers[1] = 1i16;
[INFO] [stdout]     |                                 ^^^^
[INFO] [stdout] 
[INFO] [stdout] 
[INFO] [stdout] error[E0308]: mismatched types
[INFO] [stdout]    --> src/signal_generator.rs:298:35
[INFO] [stdout]     |
[INFO] [stdout] 298 |         sig_params.buffers = vec![0u8];
[INFO] [stdout]     |                                   ^^^ expected `i16`, found `u8`
[INFO] [stdout]     |
[INFO] [stdout] help: change the type of the numeric literal from `u8` to `i16`
[INFO] [stdout]     |
[INFO] [stdout] 298 |         sig_params.buffers = vec![0i16];
[INFO] [stdout]     |                                   ^^^^
[INFO] [stdout] 
[INFO] [stdout] 
[INFO] [stdout] error[E0308]: mismatched types
[INFO] [stdout]    --> src/signal_generator.rs:299:39
[INFO] [stdout]     |
[INFO] [stdout] 299 |         sig_params.levels = Some(vec![0f32]); // not enough levels
[INFO] [stdout]     |                                       ^^^^ expected struct `bigdecimal::BigDecimal`, found `f32`
[INFO] [stdout] 
[INFO] [stdout] 
[INFO] [stdout] error[E0308]: mismatched types
[INFO] [stdout]    --> src/signal_generator.rs:301:39
[INFO] [stdout]     |
[INFO] [stdout] 301 |         sig_params.levels = Some(vec![75f32, 60f32, 25f32, 40f32]);
[INFO] [stdout]     |                                       ^^^^^ expected struct `bigdecimal::BigDecimal`, found `f32`
[INFO] [stdout] 
[INFO] [stdout] 
[INFO] [stdout] error[E0308]: mismatched types
[INFO] [stdout]    --> src/signal_generator.rs:345:39
[INFO] [stdout]     |
[INFO] [stdout] 345 |                 (InputType::Int, vec![1f32]),
[INFO] [stdout]     |                                       ^^^^ expected struct `bigdecimal::BigDecimal`, found `f32`
[INFO] [stdout] 
[INFO] [stdout] 
[INFO] [stdout] error[E0308]: mismatched types
[INFO] [stdout]    --> src/signal_generator.rs:346:39
[INFO] [stdout]     |
[INFO] [stdout] 346 |                 (InputType::Int, vec![10f32, 5f32, 20f32, 2f32]),
[INFO] [stdout]     |                                       ^^^^^ expected struct `bigdecimal::BigDecimal`, found `f32`
[INFO] [stdout] 
[INFO] [stdout] 
[INFO] [stdout] error[E0308]: mismatched types
[INFO] [stdout]    --> src/signal_generator.rs:347:42
[INFO] [stdout]     |
[INFO] [stdout] 347 |                 (InputType::Double, vec![6.2]),
[INFO] [stdout]     |                                          ^^^ expected struct `bigdecimal::BigDecimal`, found floating-point number
[INFO] [stdout] 
[INFO] [stdout] 
[INFO] [stdout] error[E0308]: mismatched types
[INFO] [stdout]    --> src/signal_generator.rs:348:42
[INFO] [stdout]     |
[INFO] [stdout] 348 |                 (InputType::Double, vec![10f32, 6.1, 20f32, 0.5]),
[INFO] [stdout]     |                                          ^^^^^ expected struct `bigdecimal::BigDecimal`, found `f32`
[INFO] [stdout] 
[INFO] [stdout] 
[INFO] [stdout] error[E0308]: mismatched types
[INFO] [stdout]    --> src/signal_generator.rs:350:27
[INFO] [stdout]     |
[INFO] [stdout] 350 |             buffers: vec![0u8],
[INFO] [stdout]     |                           ^^^ expected `i16`, found `u8`
[INFO] [stdout]     |
[INFO] [stdout] help: change the type of the numeric literal from `u8` to `i16`
[INFO] [stdout]     |
[INFO] [stdout] 350 |             buffers: vec![0i16],
[INFO] [stdout]     |                           ^^^^
[INFO] [stdout] 
[INFO] [stdout] 
[INFO] [stdout] error[E0308]: mismatched types
[INFO] [stdout]    --> src/signal_generator.rs:361:26
[INFO] [stdout]     |
[INFO] [stdout] 361 |                     vec![1f32],
[INFO] [stdout]     |                          ^^^^ expected struct `bigdecimal::BigDecimal`, found `f32`
[INFO] [stdout] 
[INFO] [stdout] 
[INFO] [stdout] error[E0308]: mismatched types
[INFO] [stdout]    --> src/signal_generator.rs:362:26
[INFO] [stdout]     |
[INFO] [stdout] 362 |                     vec![5f32, 20f32, 2f32],
[INFO] [stdout]     |                          ^^^^ expected struct `bigdecimal::BigDecimal`, found `f32`
[INFO] [stdout] 
[INFO] [stdout] 
[INFO] [stdout] error[E0308]: mismatched types
[INFO] [stdout]    --> src/signal_generator.rs:363:26
[INFO] [stdout]     |
[INFO] [stdout] 363 |                     vec![6.2],
[INFO] [stdout]     |                          ^^^ expected struct `bigdecimal::BigDecimal`, found floating-point number
[INFO] [stdout] 
[INFO] [stdout] 
[INFO] [stdout] error[E0308]: mismatched types
[INFO] [stdout]    --> src/signal_generator.rs:364:26
[INFO] [stdout]     |
[INFO] [stdout] 364 |                     vec![6.1, 20f32, 0.5],
[INFO] [stdout]     |                          ^^^ expected struct `bigdecimal::BigDecimal`, found floating-point number
[INFO] [stdout] 
[INFO] [stdout] 
[INFO] [stdout] error[E0308]: mismatched types
[INFO] [stdout]    --> src/signal_generator.rs:372:39
[INFO] [stdout]     |
[INFO] [stdout] 372 |         sig_params.inputs[1].1 = vec![10f32, 5f32, 20f32, 2f32, 3f32];
[INFO] [stdout]     |                                       ^^^^^ expected struct `bigdecimal::BigDecimal`, found `f32`
[INFO] [stdout] 
[INFO] [stdout] 
[INFO] [stdout] error: aborting due to 21 previous errors
[INFO] [stdout] 
[INFO] [stdout] 
[INFO] [stdout] Some errors have detailed explanations: E0308, E0433.
[INFO] [stdout] 
[INFO] [stdout] For more information about an error, try `rustc --explain E0308`.
[INFO] [stdout] 
[INFO] [stderr] error: could not compile `pg-test`.
[INFO] [stderr] 
[INFO] [stderr] To learn more, run the command again with --verbose.
[INFO] running `Command { std: "docker" "inspect" "c1eab662eab1d1390156de1b257f3aabb0246a9413c22417ef9bf974acceaa39", kill_on_drop: false }`
[INFO] running `Command { std: "docker" "rm" "-f" "c1eab662eab1d1390156de1b257f3aabb0246a9413c22417ef9bf974acceaa39", kill_on_drop: false }`
[INFO] [stdout] c1eab662eab1d1390156de1b257f3aabb0246a9413c22417ef9bf974acceaa39
